8 = -5*g. Let h = 45 - l. What is the remainder when 79 is divided by h?
25
Suppose 4*v - 77 = 227. Let n = v - 56. Calculate the remainder when n is divided by 7.
6
Let u(f) = 4*f**2 + 5*f - 3. Suppose -5*x + 3 + 7 = -5*g, -g + 13 = 2*x. Let d be u(g). Let v = d - 33. What is the remainder when v is divided by 4?
3
Let l(o) = o + 2. Let q(i) = -4*i + 32 - 36 + 3*i - 2*i. What is the remainder when q(-7) is divided by l(7)?
8
Let d be (-8)/(-6) - (-8)/(-24). Let x be d/(-6) + 74/12. Suppose x = k - 5. What is the remainder when 19 is divided by k?
8
Suppose 2*u + 958 = 5622. What is the remainder when u is divided by 32?
28
Let x = 332 + -112. Calculate the remainder when x is divided by 37.
35
Suppose -p - 4*a + 4 = 0, 2*a - 4*a + 20 = 5*p. Suppose -4*j + 12 = p*v, v - 5*j + 1 + 8 = 0. Let h = v - -16. Calculate the remainder when h is divided by 10.
7
Suppose -6*z = -7*z + m + 761, -4*m - 3809 = -5*z. What is the remainder when 2*z/12 - (-1)/2 is divided by 43?
42
Let a be 64 + (2 - 2)/3. Let p be ((-5285)/(-28))/(-5) + 6/8. Let c = p + a. Calculate the remainder when c is divided by 10.
7
Suppose 8*i = 12*i - 276. Calculate the remainder when 549 is divided by i.
66
Let z = 208 - 184. Suppose 3*v - 1 - 5 = 0. Suppose -2*t + 6*d + 172 = v*d, 4*t + 4*d = 392. Calculate the remainder when t is divided by z.
22
Suppose 20 = -a + 39. What is the remainder when 55 is divided by a?
17
Suppose -3*p + 21 = 3*g + 6, -5*p = 0. Let k be 75 + (-7)/((-7)/(-1)). Suppose g*s = k - 24. Calculate the remainder when 57 is divided by s.
7
Suppose 93*l = -60*l + 2448. Let a(z) = z**3 + 7*z**2 - 4*z + 1. What is the remainder when a(-6) is divided by l?
13
Suppose 4*j + q = 33, -2*q + 8 = 2*j - 4. Suppose -3*k = -3*i - k, 0 = 2*i - 4*k + 8. Suppose -i*d + 6*d = 20. Calculate the remainder when j is divided by d.
4
Suppose -3*b = -0*d - 5*d - 228, -4*b - d + 281 = 0. What is the remainder when b is divided by (0 - -2)/(10/120)?
23
Suppose -f = 2*f - 69. Let b = -48 - -61. Calculate the remainder when f is divided by b.
10
Calculate the remainder when 20 is divided by 2/((-9)/((-27)/2)).
2
Suppose 4*a - o = 188, -a + 2*a + 3*o - 47 = 0. Suppose -42 = -5*n + 18. What is the remainder when a is divided by n?
11
Calculate the remainder when 86 is divided by (2/(-4))/(5/(-290)).
28
Let l(b) = -b**3 + 21*b**2 + 7. Let t be 2/9 + (-3179)/(-153). Calculate the remainder when 18 is divided by l(t).
4
Calculate the remainder when 158/((-19)/((-513)/18)) is divided by 15.
12
Let t = -21 - -37. Calculate the remainder when t is divided by (-42)/(-24) + 3 + 2/8.
1
Let y(t) = 928*t. Let x be y(4). Calculate the remainder when 2/9 - x/(-144) is divided by 14.
12
Suppose -4*c + 67 = -57. What is the remainder when (8 - 180/22) + (-2468)/(-22) is divided by c?
19
Let k(t) = -t**2 - 10*t - 19. What is the remainder when 36 is divided by k(-6)?
1
Let j be 138/(-9) - (-8)/6. Calculate the remainder when 9 is divided by (-38)/(-133) + (-80)/j.
3
Let z(t) = 2*t**2 + 6*t + 3. Suppose -3*d + 5*d = -14. Suppose 3*w = -0*w + 45. What is the remainder when z(d) is divided by w?
14
Let m(o) = o**3 + 7*o**2 + 4*o + 9. Suppose 0 = 2*x + 2*x - 56. What is the remainder when m(-5) is divided by x?
11
Suppose t = f + 4*f - 17, 4*f = 5*t + 1. Suppose -r - 5*i = -17, 2*i - 10 = -2*r - 0*i. Suppose r = d - 1. Calculate the remainder when t is divided by d.
0
Let q(t) = t**3 - t**2 - 3*t - 5. Let v be q(0). Calculate the remainder when 24 is divided by 5 - -1*3*(v - -6).
0
Suppose -211 = -4*y - 187. Calculate the remainder when 15 is divided by y.
3
Let x = 1335 + -1120. Calculate the remainder when x is divided by 37.
30
Calculate the remainder when (-18)/(-42) - 12582/(-42) is divided by 43.
42
What is the remainder when (46/36 - (-24)/108)*6 is divided by (-1 + -1)*(-7 - -5)?
1
Let c(j) = 25*j + 23. Let r(a) = 13*a + 11. Let x(n) = -4*c(n) + 9*r(n). Let i be x(5). Let u = i + -37. Calculate the remainder when u is divided by 19.
17
Let b be 5/(-4)*9/(9/(-4)). Suppose -5*i + 62 = b*l - 2*l, -3*i + l = -26. Calculate the remainder when 39 is divided by i.
9
Let v(h) = -h**3 - 7*h**2 - h + 8. Calculate the remainder when (42 + 2)/(3/3) is divided by v(-7).
14
Suppose -2*q - 3*a = -17, -4*q - 3 = 5*a - 34. Suppose -57 = -q*r - 21. Calculate the remainder when 35 is divided by r.
8
Let u be ((-6)/4)/(12/72). Let r(o) = o**3 + 9*o**2 + 4*o + 12. Let p be r(u). What is the remainder when 3/p - (-610)/16 is divided by 10?
8
What is the remainder when 157 is divided by 6168/78 + 2/(-26)?
78
Let u be (6 + 0 + 0)/((-33)/(-22)). Suppose -3*y + 55 = u*n, -5*n = -n + 4*y - 56. Calculate the remainder when 22 is divided by n.
9
What is the remainder when 31 is divided by -9 + 35/(5 - 4)?
5
Let b = 3 + 2. Suppose f + 88 = 5*g, 85 = b*g - 2*f - 1. What is the remainder when g is divided by 7?
4
Let u be (2 - (3 - -1))/(-1). Suppose 5*t - 17 = -u*p - 0*p, 2*p = -8. Suppose -t = -3*s + 49. Calculate the remainder when 70 is divided by s.
16
Let q(s) = 2*s - 22. Let f be q(12). Suppose 0 = 3*o - 15, f*b + 2*o - 15 = 5*o. Suppose -c - 1 = -b. Calculate the remainder when 41 is divided by c.
13
Suppose 9*u - 10*u + 3*c = -15, u + 2*c = -5. Calculate the remainder when 68 is divided by u.
2
Suppose -99 = -5*d - 24. Let a = 17 - d. Suppose 4 = -2*q, 2*v + 5*q - 150 = -a*v. What is the remainder when v is divided by 15?
10
Suppose 5*r = v - 179, -3*v + 51 = 3*r + 162. Let p = 49 + r. What is the remainder when 115 is divided by p?
11
Let n(x) = -x - 4. Let t be n(3). Let r(y) = -11*y + 5. What is the remainder when r(t) is divided by 28?
26
Suppose 35*v = 40*v - 195. Let r = v + -33. Calculate the remainder when 26 is divided by r.
2
What is the remainder when 69 is divided by -1 + (1 - -17 - (1 - -2))?
13
Let c = -84 + 137. Let n(h) = 4*h**2 + 2 - 3*h**2 + 130*h - 129*h. What is the remainder when c is divided by n(-4)?
11
Let v(f) = -f + 6. Let j be v(2). Suppose 0 = -j*p + 8*p - 36. Calculate the remainder when (-2 - 93/(-9))*3 is divided by p.
7
Calculate the remainder when 1003 is divided by (-12)/(-20) - 4986/(-90).
51
Calculate the remainder when 446 is divided by (-4 + 126/35)/((-2)/80).
14
Let j be 6 + -6 - (2 - 4). Suppose j*h = 5*h - 57. Calculate the remainder when 90 is divided by h.
14
Let r(z) = z**2 - 3. Let g be r(-3). Suppose 21 = w + g. Suppose -4*b - 64 = -292. Calculate the remainder when b is divided by w.
12
Suppose 86*b = 91*b - 540. What is the remainder when 333 is divided by b?
9
Let y be ((-12)/(-40)*-5)/((-3)/10). Suppose 0 = -y*c + 2*h + 193, 41 = c + 7*h - 5*h. What is the remainder when c is divided by 7?
4
Suppose -4*q + 133 + 58 = 5*h, -q + 5*h = -79. What is the remainder when q is divided by 24?
6
Calculate the remainder when (12/(-8))/(2/(-28)) is divided by 6.
3
Let v be ((-1)/(-3))/((-3)/(-45)). Let z = -160 - -197. Suppose 2*h = v*g - 65, -4*g + 2*g + 3*h = -z. What is the remainder when 29 is divided by g?
7
Let c(b) = -165 + 331 - b - 169. Calculate the remainder when 27 is divided by c(-6).
0
Calculate the remainder when (9/(-12) - 4/16)*-47 is divided by (-2)/(18/10 - 2).
7
Let k(d) = 2*d**2 + 15*d + 41. Calculate the remainder when k(-7) is divided by 21.
13
Let x(l) = -l**3 + 13*l**2 - 11*l + 9. Let s(a) = 12*a**2 - 2*a - 3. Let b be s(-1). What is the remainder when x(b) is divided by 44?
42
Let o(m) = 55*m - 11. Let x(w) = -27*w + 5. Let g(n) = -2*o(n) - 5*x(n). What is the remainder when g(1) is divided by 5?
2
Let w = 0 - -8. Let s = 28 + -10. Calculate the remainder when s is divided by w.
2
Let t(k) = 13*k - 4. What is the remainder when 220 is divided by t(6)?
72
Suppose -m + 3*y - 1 + 6 = 0, 41 = 5*m + y. Suppose -35 - 113 = -4*a. Calculate the remainder when a is divided by m.
5
Let n(c) = 16*c**3 + c**2 - 1. Suppose -8*o + 4*o + 7 = -5*y, -15 = -5*o + 5*y. Calculate the remainder when (-230)/40*o/(-1) is divided by n(1).
14
Let d(j) = -126*j + 1139. Calculate the remainder when d(6) is divided by 20.
3
Let g(x) = 12*x - 441. Let p = 27 + -9. What is the remainder when g(41) is divided by p?
15
Let m = 45 + -23. Let s(d) = -5*d + 2. Calculate the remainder when s(-8) is divided by m.
20
Suppose -5*z = -5*p + 20, 0 = 4*p - 3*z - 0 - 19. Let q = -17 + 37. What is 